+ 11 + 25 + -23 + -14.
11
What is -8 - (-1 + (2 - (-9 - (-11 + 13))))?
-20
Evaluate -22 + 53 + -39 + -8.
-16
14 + -8 - ((-2 - (-5 - 5)) + -134)
132
What is 120 - (4 + 39 - -48)?
29
Calculate -10 + 10 + 38 + -48.
-10
What is the value of -66 - -22 - 2 - 0?
-46
What is the value of 12 - (12 - 15 - (10 + -5) - -8 - 6)?
18
What is the value of (7 - 2 - -34) + (11 - (-7 - (-47 + 20)))?
30
What is the value of (-1 - -86) + -2 + (1219 - 1229) + -13?
60
Evaluate (-5 - (1 - 1)) + (48 - -54 - 214).
-117
What is the value of -114 + 2 - (-5783 + 5714)?
-43
Calculate (-23 - -9) + (7 - (5 - 6)) + 6.
0
Calculate 111 - (39 + -32 + -31 - 10).
145
Evaluate -105 - -53 - -37 - 6.
-21
What is 0 + (0 - 0) + 10 + -7 + (-26 - -16)?
-7
-9 + 11 + (9 - 1 - 14) + -6
-10
What is the value of 11 - (-9 + -17 + (13 - 0))?
24
Calculate 561 + -488 - (20 - 60).
113
Evaluate (-24 - (28 + -24)) + -31 - 24.
-83
Calculate 29 + (-8 + -49 - -12) - (-72 + -2).
58
Calculate -4 + (-6 - -52) - (0 + (-5 - -6)) - 3.
38
What is -127 - (-17 + -287) - 115?
62
Evaluate (49 + -64 - (8 - (-8 - -25))) + 50 + 0.
44
3 + -59 + -37 + 83 + -55
-65
Calculate 51 + 2 + -28 + (-4 - 1).
20
Evaluate (-105 - (28 + (-70 - -39))) + 19.
-83
34 + (-49 - -19) + 2 + 19
25
What is 100 + -4 + -39 + 5 + 43?
105
What is -19 + 2 + -16 + -3?
-36
Evaluate -10 + -18 + -33 + 28 - (-1 - 1 - 2).
-29
What is -26 - ((-20 - -44) + 9)?
-59
-576 - -641 - (12 - (-2 + 3))
54
Calculate -4 - (2 + -2 + (-9 - -97) - (-28 + 25)).
-95
What is the value of (0 - 1) + 20 + (14 - (13 + 14)) + -36?
-30
What is 52 + (-7 - (-20 + 18 - -12))?
35
4 + (-6 - 7) - (8 + 7 - 0)
-24
-65 - -19 - (-10 + 5 + (-2 - -6))
-45
-311 - -398 - (7 + -15 - -35)
60
Evaluate -11 + -62 + (446 - 408).
-35
What is 188 + -251 + -66 + (-3 - -49)?
-83
16 - -7 - (87 - (-24 - 2))
-90
Evaluate 14 + 0 - (25 + -92 + 42).
39
What is the value of 78 + -144 + 54 + 90?
78
What is the value of -56 - (35 - 44) - -7 - (0 - 5)?
-35
What is the value of 3 + 1 - (30 - (12 + -5 + 10))?
-9
What is 6 - -1 - (-12 - ((-7 - 1) + -11 + -29))?
-29
What is -33 - (0 + (14 - 3) + -6 - 17)?
-21
What is the value of (0 - (14 + -1) - -4 - (-356 - -349)) + 20?
18
Calculate -17 + -23 + -43 + 41.
-42
What is the value of (1 - 13) + -1612 + 1613 + (0 - -4)?
-7
Evaluate -40 + (25 + 5 - -28).
18
3 + 5 + -11 - -4 - (5 - -84)
-88
What is -1 + 8 + 0 + -51 + 18?
-26
12 - 86 - (199 + -229)
-44
Calculate 10 + (8 - (-16 - -9) - (13 - 8) - 152).
-132
Evaluate (-1 - 2) + 3 + (-11 - -2) - 64.
-73
What is the value of (-15 - 58) + -11 + (35 - 1)?
-50
What is the value of 33 - (-8 - ((-22 - (3 - 17)) + 20))?
53
Calculate 22 + (-4 - 126) + (116 - 79).
-71
What is the value of (5 + -2 - -12) + (583 - 541)?
57
Evaluate -129 + 96 + (-5 - -34) + -22.
-26
Calculate -13 + 10 + 38 + -31 + (-1 - 36).
-33
Calculate 211 + (0 - 109) + 3.
105
Evaluate 15 - (-8 + -15) - (-60 + -4).
102
Calculate 86 + 15 + -56 + 3.
48
What is -33 + (119 + -27 - 7)?
52
29 + (-2 - -11 - 0 - 8) - -9
39
50 + 2 - (11 + 2 + 19 - 19)
39
Evaluate (-34 - (89 - 224)) + -42.
59
-4 - (2 + 34 + -17 + 17) - -11
-29
Calculate -165 + 82 + 97 + -56.
-42
Evaluate -2 + -1 + (-117 - (27 - 142)).
-5
Evaluate (-134 + 19 - (-1 + -23)) + -24 + -16.
-131
What is (13 - ((11 - 0) + -9)) + (0 - 46)?
-35
(-14 - -33) + (-37 - -9)
-9
What is -3 + (-69 - (-46 - -14)) + 2 + (-4 - -2)?
-40
Evaluate (1 - (31 + 5 + -6)) + 4 - -1.
-24
What is the value of 102 + -101 - (-17 - (21 + -9))?
30
(9 - -162) + (-97 - -51)
125
Calculate (26 + -4 - 7) + -14 + (56 - 190).
-133
36 + -30 + 8 + 9 - -3
26
What is the value of -1 + 5 - (14 + 80 + (40 - -4))?
-134
What is the value of (66 - 28) + -40 + (-2 - -19)?
15
What is the value of -27 + (5 - ((-53 - -8) + -31))?
54
What is 10 - (-85 - -103 - (10 + -2)) - 64?
-64
What is -1 - (1 - -23 - -5) - -10?
-20
What is (-14 + -13 + 6 + 8 - -7) + (-2 - 7)?
-15
Evaluate 1 - (-3 - 0) - (-1 + 45 + -9 - -35).
-66
Calculate (-928 - -1048) + (5 - (-4 - -3 - -3)) + -6.
117
-25 + -19 + (41 - 46)
-49
Calculate (-70 - 1) + (101 - 100) - (11 - (0 - -10)).
-71
What is -13 + (12 - -40) - 48?
-9
What is the value of 2 + -16 + -23 + (23 - 25) - 3 - -4?
-38
What is the value of -83 - -27 - (-86 + 32)?
-2
-7 - (-51 + 165 + -56)
-65
Evaluate -2 + (2 - 5) - -91 - (3 + -29 - -29).
83
290 - 263 - (20 + 31)
-24
Calculate -3 + (-68 + 36 - -12).
-23
Calculate (42 + -26 - -35) + -12.
39
What is 1 - (-43 + -2 + (-19 - -8) + 8)?
49
Calculate -32 + -31 + 44 + -41 + 16.
-44
(39 - ((-42 + 25 - -18) + 11 + 1)) + -3
23
Calculate -22 + -12 + 23 - (9 + -30).
10
What is -128 + (1 + 2 + -3 + -14 - (-1275 + 1257))?
-124
Calculate (-74 - (11 + -1 - 5)) + 21 + (-45 - -27).
-76
Evaluate -6 + (-11 - ((-6 - 11) + 22)).
-22
Evaluate (-6126 - -6088) + (2 - (26 - 1)).
-61
Calculate 0 + -34 - (-211 + 236 - (-2 - -18)).
-43
What is 8 - (-13 + -36 + (45 - 6))?
18
8 + (-2 - 4) - -6 - (6 + -11 + -2)
15
Calculate 27 - 0 - (8450 + -8419).
-4
What is -6 - (-114 - -7) - (-6 + 36 + -22)?
93
9 + 62 + (227 - 267)
31
(-7 + 8 - (-20 + 2)) + (-314 - -246)
-49
What is 888 + -923 + -7 + 139 + 5?
102
-110 + 113 - (3 - (3 - (-32 + 0)))
35
Calculate -22874 + 22933 + 22 + 0 + -2.
79
0 - 2 - (29 - (39 + (25 - 41)))
-8
Evaluate -5 - (-6 + 8 + -11) - (2 + -7 + 63).
-54
1 - (-9 + (-11 + 1 + (-25 - -26) - -5))
14
(263 - 211) + (-27 - 0)
25
Evaluate 45 - (-2 + 1) - (129 + (-89 - 55)).
61
What is the value of -49 + (-1 - (-7 - -5) - (-112 - -112))?
-48
Evaluate 0 + -3 + (16 + -2 - 15) + 1.
-3
What is the value of 2 + (36 - 33) + 55?
60
Calculate 9 + (0 - ((27 - 18) + (-4 - -5))) - -3.
2
What is (-25 + 0 - (-3 + (-14 - (10 + -29)))) + -11?
-38
What is (1 - -45) + (21 - (-24 - 20 - -80))?
31
Evaluate -15006 + 14977 + (-2 - (-41 + 1)).
9
-39 - (-87 + -30 - 34) - 39
73
Evaluate 32 + 36 + -31 + -30 + -13.
-6
What is -23 - (-42 + 11) - (-4 + -110)?
122
Evaluate (-47 + -2 - (-27 - -20 - -6)) + (-7 - -3).
-52
13 + -23 - (180 - 223)
33
Calculate (19 - (-9 + 14) - -7) + 27.
48
What is the value of (-2 - (12 + -31)) + -42 - 22?
-47
What is the value of -8 - -245 - (-332 + 458)?
111
What is -234 + 156 - (-4 - (0 + 20))?
-54
Calculate 1 + -4 + 4 + (-11 - -4) + 15.
9
What is the value of (26 - 14) + -72 - (-3 + (1 - 7) + -1)?
-50
What is (-26 - -1) + (-176 - (-57 - 52))?
-92
What is the value of 111 - (79 - 29) - -27?
88
What is the value of (-12 - -18) + -16 - (2 - (-3 - -8 - 7))?
-14
What is 56 + -226 + 30 - (-50 - -10)?
-100
Evaluate -33 - (20 - (-47 + (-5 - 6))).
-111
Evaluate -52 - (10 + (-16 - 0 - (-48 + 33))).
-61
Calculate (-17 - (1 + (-15 - 3)) - 5) + (-3 - -159).
151
Calculate -9 - ((-10 - -8) + 39 + -60).
14
Evaluate 14 + (144 - 110 - (13 + 0)).
35
Evaluate (-7 - (-5 - 12)) + -22 + 46.
34
-17 + -159 - (-32 + -88)
-56
Evaluate (-49 + 15 - -35) + -3 + 39.
37
-107 + (68 - -19) + (1 - -3 - 7)
-23
145 - 0 - (17072 - 16901)
-26
Evaluate (-11 + 17 - 42) + -7.
-43
What is -35 - (-81 - (22 + -41))?
27
22 - (40 + (7 + -22 - -22))
-25
What is the value of 44 - -5 - (67 + -62)?
44
What is ((-5 - 10) + 6 + 23 - 7) + -17?
-10
Calculate 95 + (31 - (-4 - -94)).
36
What is 0 + 7 - (-261 + 236 + (-1 - -14))?
19
Evaluate -17 + 25 + 1 - 25 - (55 - (-6 + 5)).
-72
What is (-25 + 3 - (-1 + -6)) + -28 + (-28 - 3)?
-74
Evaluate -17 - (3 - 5) - (15 + 27 + -44).
-13
Calculate (155 - (146 + 267)) + 162.
-96
Calculate -101 - -60 - (-3 - -2) - -3.
-37
What is the value of -9 - -16 - (43 - (-10 + 3 + 11))?
-32
What is 1 - (-9 - (-3 - 11)) - (-5 + (-3 - -10))?
-6
Calculate 419 + -358 + (-26 - (-2 - -2)).
35
What is the value of -8 + 4 + (5 - -12) - 22?
-9
(24 - 18 - 22) + (-1 + 8 - -23)
14
What is the value of 3 - -106 - (765 + -722)?
66
What is -45 + 0 + (30 - 20) + -19?
-54
Evaluate 0 - (2 + -5) - (12 + (17 - 14 - 55)).
43
Evaluate (-81 - -19) + (400 - 248).
90
What is the value of -70 + (1 + 4 - 14 - (16 + -5 - 8))?
-82
What is the value of -36 + (-882 + 886 - (-1 + 1))?
-32
Calculate -140 + (162 - 149) - -150.
23
What is -1 + -34 + 34 + (18 - 35)?
-18
What is the value of -1 - ((-22 - -7) + 16) - (0 - 82)?
80
30 + -2 - -2 - (-12 - (25 - 41) - 10)
36
Evaluate -44 + (11 + (3 - 11) - 8 - -1) + 7.
-41
(-65 - -77 - (3 - 3)) + -15 - -60
57
5 - (-85 - -56) - 21
13
Evaluate (88 + -57 - 23) + 1 + (0 - 5) + -47.
-43
Evaluate 84 + (-25 - -18) + -47.
30
What is 40 +